is divided by 60?
48
Calculate the remainder when 3942866 is divided by 74.
72
What is the remainder when 48164 is divided by 38?
18
Calculate the remainder when 38265 is divided by 12752.
9
What is the remainder when 14626 is divided by 696?
10
Calculate the remainder when 14728 is divided by 245.
28
Calculate the remainder when 177 is divided by 2.
1
Calculate the remainder when 11274 is divided by 5280.
714
What is the remainder when 1425 is divided by 703?
19
Calculate the remainder when 36175 is divided by 95.
75
Calculate the remainder when 11569 is divided by 227.
219
Calculate the remainder when 113614 is divided by 72.
70
What is the remainder when 6277 is divided by 560?
117
What is the remainder when 725 is divided by 687?
38
Calculate the remainder when 110609 is divided by 527.
466
What is the remainder when 1876 is divided by 80?
36
Calculate the remainder when 46684 is divided by 321.
139
What is the remainder when 29412 is divided by 924?
768
What is the remainder when 8524 is divided by 431?
335
What is the remainder when 60009 is divided by 583?
543
What is the remainder when 170 is divided by 136?
34
Calculate the remainder when 26432 is divided by 297.
296
Calculate the remainder when 67 is divided by 27.
13
Calculate the remainder when 447 is divided by 27.
15
What is the remainder when 5566952 is divided by 941?
937
What is the remainder when 156945 is divided by 17428?
93
Calculate the remainder when 2338 is divided by 255.
43
What is the remainder when 18949 is divided by 22?
7
What is the remainder when 386859 is divided by 15?
9
What is the remainder when 30908 is divided by 1026?
128
Calculate the remainder when 14258 is divided by 333.
272
What is the remainder when 18121 is divided by 221?
220
What is the remainder when 9502 is divided by 11?
9
What is the remainder when 384722 is divided by 76?
10
What is the remainder when 9313 is divided by 978?
511
Calculate the remainder when 3853 is divided by 723.
238
What is the remainder when 40453 is divided by 40219?
234
What is the remainder when 88487 is divided by 590?
577
Calculate the remainder when 6950 is divided by 6922.
28
What is the remainder when 99524 is divided by 622?
4
Calculate the remainder when 10741 is divided by 32.
21
What is the remainder when 35461 is divided by 303?
10
Calculate the remainder when 3284 is divided by 818.
12
Calculate the remainder when 76388 is divided by 3472.
4
What is the remainder when 459947 is divided by 76657?
5
What is the remainder when 15248 is divided by 1902?
32
Calculate the remainder when 681223 is divided by 36.
31
What is the remainder when 2410 is divided by 26?
18
What is the remainder when 137717 is divided by 137662?
55
What is the remainder when 82371 is divided by 5491?
6
What is the remainder when 199574 is divided by 25?
24
What is the remainder when 170963 is divided by 177?
158
Calculate the remainder when 3316 is divided by 218.
46
What is the remainder when 15725 is divided by 95?
50
Calculate the remainder when 69309 is divided by 11551.
3
What is the remainder when 89409 is divided by 11?
1
What is the remainder when 93933 is divided by 1808?
1725
Calculate the remainder when 23568 is divided by 49.
48
Calculate the remainder when 755310 is divided by 14810.
0
Calculate the remainder when 124543 is divided by 112.
111
What is the remainder when 385156 is divided by 33?
13
What is the remainder when 224 is divided by 138?
86
Calculate the remainder when 11504 is divided by 524.
500
Calculate the remainder when 13828 is divided by 142.
54
What is the remainder when 21401 is divided by 79?
71
What is the remainder when 287933 is divided by 57586?
3
What is the remainder when 457956 is divided by 594?
576
Calculate the remainder when 862818 is divided by 28.
26
Calculate the remainder when 9350 is divided by 88.
22
What is the remainder when 11723 is divided by 1064?
19
Calculate the remainder when 3146051 is divided by 258.
257
What is the remainder when 2822287 is divided by 866?
859
What is the remainder when 200494 is divided by 25?
19
Calculate the remainder when 190830 is divided by 1344.
1326
What is the remainder when 12469 is divided by 1522?
293
What is the remainder when 230046 is divided by 79?
77
What is the remainder when 21758 is divided by 166?
12
What is the remainder when 338580 is divided by 701?
698
What is the remainder when 51934 is divided by 51773?
161
What is the remainder when 38775 is divided by 12860?
195
Calculate the remainder when 393899 is divided by 172.
19
What is the remainder when 105465 is divided by 564?
561
Calculate the remainder when 259010 is divided by 129501.
8
What is the remainder when 2934 is divided by 41?
23
Calculate the remainder when 15436 is divided by 1288.
1268
Calculate the remainder when 3815 is divided by 394.
269
What is the remainder when 33215 is divided by 339?
332
What is the remainder when 806 is divided by 264?
14
Calculate the remainder when 7117 is divided by 1777.
9
What is the remainder when 156576 is divided by 201?
198
Calculate the remainder when 78702 is divided by 1383.
1254
What is the remainder when 13041 is divided by 2898?
1449
What is the remainder when 26378 is divided by 8749?
131
Calculate the remainder when 896374 is divided by 51.
49
Calculate the remainder when 13619 is divided by 52.
47
Calculate the remainder when 1065225 is divided by 1320.
1305
What is the remainder when 40579 is divided by 556?
547
Calculate the remainder when 3908 is divided by 1271.
95
What is the remainder when 86629 is divided by 28846?
91
Calculate the remainder when 1739 is divided by 347.
4
Calculate the remainder when 228576 is divided by 29.
27
Calculate the remainder when 119681 is divided by 1129.
7
What is the remainder when 26940 is divided by 13470?
0
What is the remainder when 496 is divided by 52?
28
Calculate the remainder when 634 is divided by 507.
127
What is the remainder when 39299 is divided by 655?
654
What is the remainder when 19980 is divided by 588?
576
Calculate the remainder when 9018 is divided by 95.
88
What is the remainder when 911675 is divided by 370?
365
What is the remainder when 2087 is divided by 276?
155
What is the remainder when 11234 is divided by 3678?
200
Calculate the remainder when 120112 is divided by 30025.
12
Calculate the remainder when 2562837 is divided by 1134.
1131
What is the remainder when 701510 is divided by 1525?
10
What is the remainder when 17865 is divided by 137?
55
What is the remainder when 193959 is divided by 559?
545
Calculate the remainder when 24582 is divided by 2727.
39
Calculate the remainder when 95675 is divided by 31852.
119
What is the remainder when 5382 is divided by 28?
6
What is the remainder when 805823 is divided by 25?
23
Calculate the remainder when 5443 is divided by 236.
15
What is the remainder when 424028 is divided by 141338?
14
What is the remainder when 14326 is divided by 43?
7
What is the remainder when 19204 is divided by 77?
31
Calculate the remainder when 34653 is divided by 1599.
1074
Calculate the remainder when 25565 is divided by 38.
29
Calculate the remainder when 7169 is divided by 36.
5
Calculate the remainder when 84622 is divided by 4.
2
What is the remainder when 16445 is divided by 1669?
1424
What is the remainder when 3803 is divided by 1889?
25
What is the remainder when 7344 is divided by 2443?
15
Calculate the remainder when 270970 is divided by 226.
222
Calculate the remainder when 2234 is divided by 730.
44
Calculate the remainder when 11441 is divided by 3784.
89
What is the remainder when 928 is divided by 861?
67
What is the remainder when 77092 is divided by 12846?
16
Calculate the remainder when 1263 is divided by 253.
251
Calculate the remainder when 43 is divided by 21.
1
What is the remainder when 55137 is divided by 5012?
5
Calculate the remainder when 1261 is divided by 572.
117
What is the remainder when 5614 is divided by 2708?
198
Calculate the remainder when 3243 is divided by 2690.
553
What is the remainder when 12554 is divided by 22?
14
Calculate the remainder when 7728 is divided by 5.
3
What is the remainder when 158965 is divided by 138?
127
Calculate the remainder when 2862 is divided by 128.
46
What is the re